the remainder when (-10240)/60*(-3)/2 is divided by 65?
61
Suppose 70 = 2*i - 64. What is the remainder when i is divided by (-4)/18 + 0 + (-209)/(-9)?
21
Let c = 38 - 3. Let w = c + -17. Suppose 0 = -4*p + 58 - w. What is the remainder when p is divided by 6?
4
Suppose 0 = 5*f - f + 12, 5*k + 3*f - 51 = 0. What is the remainder when (-2 + 0 - -1)*-31 is divided by k?
7
Suppose 175 = 31*u - 24*u. Suppose z - 2*b = u, -4*b = 4*z + b - 61. What is the remainder when 112 is divided by z?
17
Let h(v) = 2*v**3 + v**2 + v + 10. Let w be h(0). Suppose -z + 39 = 5*l, 0 = -5*l - 0*l + w. What is the remainder when 50 is divided by z?
21
Suppose 5*u - 35 = 4*p + 99, -p = 5*u - 129. Calculate the remainder when 45 is divided by u.
19
Let w(u) = -u**3 - 17*u**2 - 21*u - 7. Let f be 6/5*(-360)/27. What is the remainder when w(f) is divided by 19?
16
Let f(c) = 19*c - 17. Let d be f(1). Suppose 2*p + 2*z - 32 = 7*p, -20 = 5*z. Let l = d - p. What is the remainder when l is divided by 3?
1
Suppose 4*u - r = 304, -r - 99 - 281 = -5*u. What is the remainder when u is divided by 16?
12
Suppose 2*o = 41 - 11. What is the remainder when o is divided by 3?
0
Let z(d) = -82*d + 48. Calculate the remainder when z(-3) is divided by 104.
86
Suppose -5*t - 48 = -3. Let j = 3 + t. What is the remainder when 13 is divided by (0 + -3)/(j/10)?
3
Let c = -33 - -6. Let i = c - -23. Let g(f) = -f**3 - f**2 + 4*f - 2. Calculate the remainder when g(i) is divided by 11.
8
Suppose -112 = -3*v + 2*r + 367, -v + 2*r + 161 = 0. Calculate the remainder when v is divided by 15.
9
Let w = 34 - 7. Let z(l) = l**2 + 8*l + 6. Let c(x) = x**2 - 8*x - 18. Let h be c(9). Calculate the remainder when w is divided by z(h).
12
Let m = -62 + 51. Let w = m + 39. Calculate the remainder when w is divided by 18.
10
Suppose 0 = -3*q + o + 110, 0 = -5*q - 0*o - 5*o + 170. What is the remainder when 1077 is divided by q?
33
Suppose a = 3*n - 20, -15*a = 3*n - 11*a - 40. Calculate the remainder when 51 is divided by n.
3
Suppose 3*d = 19*o - 14*o - 1106, 5*d = 4*o - 877. What is the remainder when o is divided by 36?
7
Let w be (3 + 0)*(-4)/(-6). Let f be -19 + (-2)/w + 4. What is the remainder when 18 is divided by (1/4)/(f/(-320))?
3
Let s(a) = -a + 2. Let m(r) = 3*r - 6. Let t(u) = -4*m(u) - 11*s(u). Let l be t(1). What is the remainder when 46 - (l + -3)/2 is divided by 16?
15
Let a be (-220)/(-18) - 10/45. What is the remainder when 52 is divided by (-126)/12*a/(-9)?
10
Let f(b) = 2*b**3 + 6*b**2 - 2*b**3 - 3*b**3 - 4*b - 1 + 2*b**3. Calculate the remainder when 11 is divided by f(5).
3
Let o = 79 + -63. What is the remainder when o is divided by (1/(-2))/(1/(-12))?
4
Let f(c) = -c + 156. Calculate the remainder when f(39) is divided by 17.
15
Let a(q) = 13*q + 151. What is the remainder when 140 is divided by a(-8)?
46
Let m(h) = 11*h + 11. Let o be (-7 - -20) + (2 - 1 - -1). What is the remainder when m(8) is divided by (o/2)/((-12)/(-40))?
24
Let y = -239 - -215. Let i = y + 125. Let f = 30 - 13. Calculate the remainder when i is divided by f.
16
Suppose -5*x = 25, 5*q = 4*x - 6*x + 6035. Suppose -k + 17 = -3*c, 23 = -4*k - 4*c + 123. Calculate the remainder when k is divided by (-2)/7 + q/91.
10
Let j(r) = 27*r + 76. Calculate the remainder when j(4) is divided by 33.
19
Let b be 1/(4 + (-366)/92). Suppose -46*k + 44*k = -b. Suppose 9 - 35 = -4*n - 2*w, -4*n = -2*w - 38. What is the remainder when k is divided by n?
7
Suppose 0 = 11*b - 9*b - 2*m - 38, b = -2*m + 22. What is the remainder when 186 is divided by b?
6
Calculate the remainder when (-10)/(-12) - 7248/(-288) is divided by 9.
8
Let s be 50 + (8/16 - (-5)/(-2)). Suppose s*d = 40*d + 256. What is the remainder when d is divided by 21?
11
Suppose -319 = -5*i + 21. Suppose -52 = -10*b + i. Suppose -5*l + 4*l = 2*a - 45, 3*a + 90 = 3*l. Calculate the remainder when l is divided by b.
11
Suppose 0 = -5*i + 15. Suppose 2*s + 2*s + 3*y - 294 = 0, i*s - 5*y - 235 = 0. Calculate the remainder when s is divided by 16.
11
Suppose -5*x = -2*t + 95, -3 = -5*x - 8. Let l(s) = -s**2 - 19*s - 42. What is the remainder when t is divided by l(-16)?
3
Suppose g = 2*g - 3*x - 1, 4*g - x - 59 = 0. Suppose -3*b + k = -31, -11 + 3 = 2*k. Calculate the remainder when g is divided by b.
7
Let s(l) = -l + 18. Let u be s(17). Suppose -10 = n + 4*t + u, 0 = 4*n - 3*t - 32. What is the remainder when 8 is divided by n?
3
Suppose -32*z + 26*z + 294 = 0. Calculate the remainder when 112 is divided by z.
14
Suppose -4*m + 2*y + 70 = 0, 0 = 3*m + 2*y - 0*y - 35. Let n = m + -12. What is the remainder when ((-6)/(-4))/(n/6) is divided by 1?
0
Let w = 2069 - 1958. What is the remainder when 350 is divided by w?
17
Suppose -3*a - 4*f = -15, 2*f - 14 = -3*a - 5. Let l = 2 + 14. What is the remainder when (63 - a)/(-1 + 5/3) is divided by l?
13
Let u = -125 + 212. Calculate the remainder when u is divided by 29.
0
Let q(j) = -j**2 - 10 + 4 - 443*j + 434*j. Suppose -5*k - 24 = -2*k. What is the remainder when 2 is divided by q(k)?
0
Let x = 5 - -101. Calculate the remainder when x is divided by 37.
32
Let y = -499 + 1330. Calculate the remainder when y is divided by 52.
51
Suppose 53 = y + 2*k - 99, -3*k - 825 = -5*y. Let q = y + -67. Calculate the remainder when q is divided by 12.
11
Suppose -4*m + 255 = 3*y, 3*y - 42 = 2*m + 195. What is the remainder when 1780 is divided by y?
79
Let p(y) = 2*y - 58. Let q(s) = -s + 29. Let o(z) = -3*p(z) - 5*q(z). Calculate the remainder when o(-16) is divided by 6.
3
Suppose 2*a + i = 2*i + 379, a - 177 = 3*i. Let n = a + -73. What is the remainder when n is divided by 40?
39
Let w(r) = 37*r + 9. Let h(c) = -38*c - 8. Let l(j) = 3*h(j) + 2*w(j). What is the remainder when 65 is divided by l(-1)?
31
Suppose 607 = 5*g + 417. Calculate the remainder when 48 is divided by g.
10
Let y = -335 + 530. What is the remainder when y is divided by (1/2)/((-1)/(-36))?
15
Suppose 20 = 3*k - 8*k. Let s be 6/k*(-10)/(-5). Calculate the remainder when (-2)/s - (-464)/6 is divided by 27.
24
What is the remainder when 4/(-50) - (-73491)/825 is divided by 73?
16
Suppose -3*x - 2*s - 81 + 580 = 0, -2*s + 825 = 5*x. What is the remainder when x is divided by 51?
10
Suppose 0 = -2*a - 10 + 18. Suppose a*q = -0*q. Let m(s) = s**3 - 2*s + 20. What is the remainder when 77 is divided by m(q)?
17
Let a(s) = -21*s - 263. What is the remainder when 172 is divided by a(-13)?
2
Let t = -57 + 59. Let a(r) = 5 + r + r + 3*r. Calculate the remainder when 89 is divided by a(t).
14
Let f(w) = -18*w + 4. Suppose 36 - 46 = 5*m. Calculate the remainder when f(m) is divided by 14.
12
Suppose 0 = -3*c - d + 31, 5*d - 18 = -5*c + 17. What is the remainder when 20 is divided by -4*(-2 + (-9)/c)?
9
Suppose -2*r + 52 = 2*r. Let i be -2 + 8/3 - (-48)/(-18). Calculate the remainder when 37/i*3*6/(-9) is divided by r.
11
Let h(q) = -q**3 - 2*q**2 + q. Let o be h(-3). Let d = 3 + 5. Suppose d*a - o = 5*a. What is the remainder when a is divided by 2?
0
Let g(v) = 63*v + 9. Let x be g(7). Suppose 15 = -5*q, -2*q = 4*r - 0*q - x. Calculate the remainder when (4 - 6)*r/(-4) is divided by 15.
12
Let n(q) = 24*q - 8. Let c be n(7). Suppose -s - 4*s = -c. Suppose p = 5, -2*p = -3*k - s + 97. What is the remainder when 96 is divided by k?
21
Suppose 14*a - 10 = 13*a. Suppose -2*r + 3 = 7, r = -2*d + 2. Suppose d = -2*k + a. Calculate the remainder when 13 is divided by k.
1
Suppose -70 = -4*z - 2*g + 4*g, -5*z - 4*g + 81 = 0. Let q(m) = -2*m - 5. Calculate the remainder when q(-18) is divided by z.
14
Let t(v) = -v**3 + 6*v**2 + 2. Let r be t(6). Suppose 5*z = -5*a + 220, 2*z - 130 = -r*a - a. Calculate the remainder when a is divided by 11.
9
Let s(i) = i**2 + 2*i + 0 + 0 + 5 + 0. Let r be s(-5). What is the remainder when r/(-70) + 648/14 is divided by 24?
22
Suppose -6*m + 11*m = 0. Suppose m = 2*w - 7*w - 285. Let b = w - -95. Calculate the remainder when b is divided by 14.
10
Let f = -16 - -23. Suppose -51 + 21 = -5*o. Let d = f + o. What is the remainder when d is divided by 8?
5
Suppose -1 = x - r + 3, -3*r = 0. What is the remainder when 1 is divided by (((-10)/5)/x)/((-3)/(-6))?
0
Suppose -6*a = -9*a. Suppose 0*s = -4*v + 2*s + 22, 3*v + 4*s = a. Calculate the remainder w